) = -7*u - 8. Let k(q) = -2*g(q) + 19*z(q). Let x(w) = -2*w**3 + 2*w**2 - 2*w + 1. Let a be x(1). Determine k(a).
1
Let v(k) be the first derivative of -k**6/120 - 7*k**5/60 - k**4/4 - 5*k**3/6 - 3*k**2/2 + 10*k + 82. Let g(j) be the second derivative of v(j). Give g(-6).
-5
Let d(t) = -23*t + 434. Let u(y) = -21*y + 432. Let n(f) = 7*d(f) - 6*u(f). Calculate n(13).
-9
Suppose -2*f - 4*d - 10 = 0, -77*f - d = -81*f + 34. Let g(t) = 13*t - 79. Calculate g(f).
12
Let i(s) = s**2 - 5*s + 11. Let w = 768 - 370. Let j = 406 - w. Calculate i(j).
35
Let n(v) = -v**3 - v + 2. Let t(u) = -3*u**3 - 9*u**2 - 14*u + 16. Let s(i) = 4*n(i) - t(i). Determine s(10).
-8
Let v(j) = 3*j**2 + 8*j + 1. Let t(h) = 14*h + 305. Let q be t(-22). Determine v(q).
4
Let q(v) be the first derivative of -8*v**3/3 - 5*v**2 + 15*v + 2362. Determine q(2).
-37
Let y(f) be the first derivative of f**4/4 - 2*f**3/3 - f**2 - 3*f - 2348. Let g = 1 + 4. Suppose b = g, 2*c - c - 18 = -3*b. Calculate y(c).
0
Let z(q) = -3*q**2 + 4*q + 14. Let b(m) = m**3 - 2*m**2 - 16*m + 2. Let a be b(5). What is z(a)?
-25
Let u be 7*((-360)/(-42) - 8). Suppose 5*o = -u*r - 13 - 16, 4*o + 18 = 2*r. Let z(t) = -t**3 - 6*t**2 - 8*t - 6. Calculate z(o).
9
Let g(m) = 7*m - 1. Suppose 2 = u - 4. Let t be ((-1 - 28) + 2)/(u + -7). Suppose -29*z + t*z + 6 = 0. Give g(z).
20
Let u(i) = 3*i**3 - 3*i**2 + 6*i - 2. Let d be ((-11)/3 - 4/(-6))/(4176/(-2784)). Calculate u(d).
22
Let h(o) = 27*o + 7. Suppose 299178 = 6*j + 299190. Determine h(j).
-47
Suppose -267 = -11*z + 14*z. Let r = -81 - z. Let k = -5 + r. Let w(u) = u**2 - 4*u + 1. Determine w(k).
-2
Let k(n) = n**3 + 6*n**2 - n - 3. Suppose 12*s - 1210 - 110 = 0. Let d = 127 - 243. Let a = d + s. Determine k(a).
3
Let y(t) be the first derivative of 10*t**2 + 91*t - 1818. Calculate y(-6).
-29
Suppose -4*a = 3*k - 11, 4*k = -3*a - 52 + 48. Let o(r) = 7*r - 54. Calculate o(a).
2
Suppose -d + 3 = -w - 2, -d + 2 = 0. Let v(c) = 4 - 109*c + c**2 + 109*c + 0*c. What is v(w)?
13
Let b(s) = 399*s**2 - 197*s**2 - 1 - 203*s**2 - 7*s - 8. Let u be (44/(-6))/((-3)/18). Let g = u + -51. Determine b(g).
-9
Suppose -x + 4*p - 74 = 31, -4*x - 477 = 3*p. Let b = x + 114. Let l(u) = -u - 3. Give l(b).
0
Let h(a) be the first derivative of a**6/360 - a**5/24 + a**4/12 + a**3/3 - 7*a**2 - 30. Let i(j) be the third derivative of h(j). Calculate i(6).
8
Let t(g) = 13*g**3 - g**2 - 2*g - 1. Let p be (2 + -5 + 39/9)*3. Suppose 4*d + 34 = 2*r + 28, 0 = p*d + 8. Determine t(r).
-13
Let n(a) = -7*a**2 - 75*a - 40. Let h(t) = 3*t**2 + 31*t + 21. Let q(r) = -5*h(r) - 2*n(r). Calculate q(-9).
-61
Let d(n) = n**3 - 3*n**2 - 2*n - 6. Suppose 20*u = -16636 + 4096. Let f = u - -631. Give d(f).
2
Let z(g) = g**2 - 12*g + 37. Let l be z(7). Suppose l*b + 8 = -12. Let v(j) = -j**2 - 7*j + 14. What is v(b)?
-16
Let u(n) = 2 + 0 - 2*n + 7. Suppose -5*f - 2*z = -31, -f + 11 = 4*z + 12. Give u(f).
-5
Suppose -p = -4*p. Let q be 177/15 - (-8)/40. Let f(n) = -4 + q*n**2 - n + 10 - 11*n**2. What is f(p)?
6
Let o(d) = d**2 - 10*d - 5. Suppose -3*f + 3*w + 21 = 0, f + 0*w = 2*w + 11. Let y(m) = m**3 - 4*m**2 + 3*m + 8. Let b be y(f). Give o(b).
-21
Let l(d) = -7*d - 7. Suppose 337 = -65*q - 313. Give l(q).
63
Suppose -6*k + k + d + 8 = 0, 0 = 3*k + 2*d - 10. Let v(g) = g**k + 4 + 4*g + 9 + 0*g**2 - 11. Determine v(-4).
2
Suppose 40*w - 336 = 32*w. Suppose -15*m + w = -9*m. Let n(x) = -x**2 + 6*x + 4. Determine n(m).
-3
Let b(f) = -f**3 + 2*f**2 - 4*f - 1. Let h(r) = -554*r + 2772. Let x be h(5). What is b(x)?
-9
Let k(x) = -x**3 - 15*x**2 + 3*x + 35. Let v = -142 - -127. Let n be k(v). Let r(p) = -p**3 - 9*p**2 + 9*p - 7. Determine r(n).
3
Let l be ((-46)/(-92))/((-1)/28*-2). Let q(a) = 36*a**3 + 6*a - 6*a + a**2 + l*a**3. Calculate q(-1).
-42
Let t(g) = -g**2 + 21*g - 34. Let r(u) = -198*u + 3782. Let c be r(19). Give t(c).
-14
Let j(k) be the second derivative of -k**4/12 + 3*k**2 - 7*k - 449. Give j(-3).
-3
Let b(n) = 2*n**3 - n + 9. Let q(p) be the second derivative of p**5/4 - p**3/2 + 19*p**2/2 + 16*p + 1. Let j(k) = 7*b(k) - 3*q(k). Determine j(0).
6
Let q(a) = 9*a**2 + 419*a - 418. Let u be q(1). Let j(d) = d**3 - 10*d**2 - 2*d + 28. Calculate j(u).
8
Suppose 28*p + 1290 = -2*p. Let f = p - -40. Let t(x) = -3*x**2 - 5*x - 4. Give t(f).
-16
Suppose -4*i + 0*i + 11 = 3*n, 3*n - 23 = -i. Let p(m) = 158*m - n - m**2 - 79*m - 80*m + 4 - m**3. Let u = 0 - 0. Give p(u).
-5
Let t(q) be the third derivative of q**6/60 - q**5/15 - q**4/12 + 5*q**3/3 - 11*q**2 - 6*q + 20. What is t(2)?
6
Let h(c) = -41*c + 62. Let m(d) = 18*d - 28. Let a(x) = -3*h(x) - 7*m(x). Give a(-4).
22
Let o = 1849 - 1847. Suppose q = -0*q. Let i(m) = -3 - 3*m + o + q - 5. Determine i(-5).
9
Suppose -2*l - 8 = 0, 5*a - 317*l + 319*l - 2 = 0. Let s(c) = 4*c**3 - 10*c**2 + 4*c - 2. Determine s(a).
-2
Let m(l) = -14*l**2 + 23*l + 5. Let z(r) = -90*r**2 + 150*r + 31. Let c(s) = -13*m(s) + 2*z(s). Let x = 0 + -2. Give c(x).
3
Suppose -5*n + 4*n = 13. Let f = n - 10. Let o be (-20)/(-70) + f/7. Let q(a) = a + 4. What is q(o)?
1
Let f(h) be the third derivative of h**8/20160 + h**7/840 - h**6/72 + 19*h**5/20 + h**4/12 + 84*h**2. Let r(z) be the third derivative of f(z). What is r(-7)?
-3
Let h(p) = 5*p**3 - 8*p**2 + 19*p - 14. Let a(d) = -11*d**3 + 16*d**2 - 39*d + 29. Let u(x) = 4*a(x) + 9*h(x). Determine u(6).
8
Let w = 18 + -13. Let h(c) = 0*c - 6461*c**2 + 6460*c**2 + c - 3. Give h(w).
-23
Let c(o) = -80 - 91 + 211 - 145 + 7*o. Calculate c(13).
-14
Let r(i) = 7*i**3 + 111*i**2 - 100*i + 20. Let c(t) = 2*t**3 + 32*t**2 - 29*t + 6. Let g(j) = 17*c(j) - 5*r(j). What is g(-11)?
-75
Let v(l) = 13*l + 53. Let a(h) = 14*h + 56. Let s(y) = 8*a(y) - 9*v(y). Give s(-8).
11
Let n(g) be the first derivative of -g**4/4 - 5*g**3/3 - 5*g**2 - 28*g - 6453. Give n(-4).
-4
Let t(m) = -m**3 - 23*m**2 + 3. Let s be t(-23). Let x(l) = -6*l**2 + l + 4 + 2*l**2 + l + s*l**2. Calculate x(5).
-11
Let n(f) = -f + 3*f**2 - 24 + 3*f - 9*f - 3 - 2*f**2. Let w be n(10). Let b(x) = -x**3 - x**2 + 3*x + 1. What is b(w)?
-26
Let b(m) be the third derivative of m**4/24 - 2*m**3 + 131*m**2 - 2*m. Give b(17).
5
Let y(b) = 2*b**2 + 5*b + 2. Let u be (-23)/(-7) - (-32)/(-112). Suppose -3*q + 18 = u. Suppose 12*z - 9*z + 3*m + 9 = 0, -m = q*z + 19. What is y(z)?
14
Let l(f) = -7*f**3 + 70*f**2 + 146*f + 55. Let i(t) = -15*t**3 + 144*t**2 + 292*t + 110. Let c(d) = -6*i(d) + 13*l(d). Give c(49).
6
Let j(m) = -m**2 + 41*m - 159. Let a = -15847 + 15884. Calculate j(a).
-11
Let s(i) = 2*i**2 + 20*i + 30. Let j be s(-8). Let t(a) = 17*a + 7. Let x(v) = 26*v + 11. Let q(k) = -8*t(k) + 5*x(k). What is q(j)?
11
Let w = 2 + -9. Let g(p) be the first derivative of p**4/4 + 2*p**3 - 3*p**2 + 6*p + 361. Give g(w).
-1
Let j(h) = -h**2 + h + 1. Let o(i) = -41*i**3 - 6*i**2 + 6*i + 5. Suppose 0 = 17*l - l - 16. Let x(v) = l*o(v) - 6*j(v). Determine x(-1).
40
Let o(c) = -c**2 + c. Let a(g) = -6*g**2 + 5*g + 2. Let j(b) = a(b) - 4*o(b). Let d(m) = -m**3 + 26*m**2 + 192*m + 2. Let f be d(32). What is j(f)?
-4
Let w(l) = -3*l**2 - 12*l + 2. Let n = 4754 + -4758. Determine w(n).
2
Let w be (-1 + 0)*((0 - 4) + -3). Suppose 0*o + o - w = 0. Let d(s) = -3*s + 15. Give d(o).
-6
Let l(v) = 17*v + 20. Let k(s) = 31*s + 42. Let g(n) = -4*k(n) + 7*l(n). Determine g(-7).
7
Let r(w) = -3*w**2 + w - 5. Let f(v) = -3*v**2 + 3*v - 12. Let n(q) = -3*f(q) + 6*r(q). What is n(-3)?
-66
Let s(t) = -22*t + 7. Let b(c) = 23*c + 2. Let j(x) = -b(x) - s(x). Give j(-3).
-6
Let c(u) = 4*u**2 - 21*u + 39. Let p(h) = 5*h - h**2 - 2*h**2 + 9*h + 239 - 266. Let v(f) = -5*c(f) - 7*p(f). Determine v(-10).
24
Let p(h) = 79 - 31652*h**2 + 15823*h**2 + 15830*h**2 + 19*h. Calculate p(-9).
-11
Let p(d) = -2*d + 7*d - 8*d**2 + 2553 - 2562 + 5*d**3. Let j(c) = 3*c**3 - 4*c**2 + 2*c - 5. Let w(o) = -7*j(o) + 4*p(o). Give w(-5).
-6
Let l(i) be the first derivative of -i**2 - i + 14/3*i**3 - 2. Let a = 222 + -223. Determine l(a).
15
Let t(j) = -j**3 + 6*j**2 - 3*j - 4. Let b be t(5). Suppose -c + 5*m - 6 = 2, 0 = -5*c - m + 12. Let y(v) = 8*v**c - 3*v - 7*v**2 + b*v + 1. Give y(-4).
5
Let i(r) = -4*r**3 - r. Let d be ((-64)/224)/(1/(-21)). Suppose -5*g = 4*j + 4, -d*g = -2*g. Give i(j).
5
Let r(k) = k**2 - 7*k. Let z(x) = 1. Le